 13
Let l = 61 - 30. Let y = 32 + l. Suppose 4*i - 283 = -y. What are the prime factors of i?
5, 11
Suppose 5*q - 2 = 2*z, 4 = 3*q - z + 2. Suppose -4*h = -2*h + 2*x - 104, x = -q*h + 109. List the prime factors of h.
3, 19
Suppose -2*m = -6*m - 1928. Let a = -690 - m. What are the prime factors of (-4)/(-6) - a/12?
2, 3
Let r(k) = 4*k**2 + 20. Let p be r(-5). Suppose 9*n - 5*n = p. What are the prime factors of n?
2, 3, 5
Suppose -45629 = -26*r + 9725. What are the prime factors of r?
2129
Let t(x) = -x**3 + 11*x**2 + 4*x + 11. Let z(i) = 3*i**3 - 32*i**2 - 12*i - 32. Let v(g) = 17*t(g) + 6*z(g). List the prime factors of v(6).
7
Let r(w) = -w + 0*w**2 - w**3 + 10 + 6*w**2 + w**2. Let f be r(7). Suppose 0 = f*p - 0*p - 18. List the prime factors of p.
2, 3
Let b(u) = -u**2 - u - 9. Let w be b(3). List the prime factors of 10/(-35) + (-510)/w.
2, 3
Let i be 96/18*3/2. Suppose 0 = -3*t + i + 22. Suppose 4*m - 5*v - 138 = 0, 0 = 4*v + v + t. What are the prime factors of m?
2
Suppose 2*j - 48 = -3*a, 0 = 4*a - j + 5*j - 68. Suppose o - 2*g = g + a, 3 = g. Let f = -1 + o. What are the prime factors of f?
2, 11
Let a(i) = -i + 5. Let v be a(7). Let c be (v/6)/((-2)/354). Suppose 3*x - 70 = 2*f, -5*x + 3*f = c - 177. What are the prime factors of x?
2, 13
Suppose 0 = -5*b + 11*b - 3630. List the prime factors of b.
5, 11
Let y = -1618 + 3593. What are the prime factors of y?
5, 79
Let x = -56 - -39. Let j = 31 + x. What are the prime factors of j?
2, 7
Let c(a) = a**2 - 30*a + 24. List the prime factors of c(43).
11, 53
Let j(k) = 44*k - 90*k - 3*k. List the prime factors of j(-3).
3, 7
Let w be (-8)/(-60) - (-4423)/15. Suppose -140 = -5*j + 5*k + w, -j - k = -81. What are the prime factors of j?
2, 3, 7
Let x be ((0 + 0)/2)/(-2). What are the prime factors of 0 - -1 - (x + -43)?
2, 11
What are the prime factors of ((-38)/(-4))/(20964/2328 - 9)?
19, 97
Let j = -1195 + 1704. List the prime factors of j.
509
Let i be (3/(-1))/((-3)/(-178)) - 1. Let q = i - -255. What are the prime factors of q?
2, 19
Suppose -w - 4 = -v, 3*v - 16 = -v + w. Suppose -v*x - 2*x + 432 = 0. What are the prime factors of x?
2, 3
Let r be 9 + (0 - -3)/(-3). Suppose 0 = -5*a - y + 7 - 31, -3*a + r = -5*y. Let p(k) = -k**3 - 5*k**2 - 7*k - 6. What are the prime factors of p(a)?
2, 3
Let z(q) = q**2 - 8*q - 18. Let m be z(10). Suppose -5*n + 331 = -3*g + 7*g, 3*n = -m*g + 163. What are the prime factors of g?
89
Suppose 5*t = 5*v - 45, 4*v - 26 = -0*v + 2*t. Suppose 72 = -3*x - v*b + 17, 4*b = 20. Let h = 38 - x. List the prime factors of h.
3, 7
Let l = -35 + 74. Let x = l - 13. What are the prime factors of x?
2, 13
Let d(q) be the third derivative of -7*q**4/24 + q**3 - q**2. Let k be (8/5)/((84/(-30))/7). What are the prime factors of d(k)?
2, 17
Suppose -5*s = o - 279, 108 - 393 = -o + s. What are the prime factors of o/14 + (-2)/7?
2, 5
Suppose -3*f + 3*g = -621, 5*f + 15 - 1047 = 2*g. Let p = f + -137. List the prime factors of p.
3, 23
Let r(q) = -1 - q + 5*q + 3*q + q. List the prime factors of r(7).
5, 11
Let w be 5 - (4 - (-10)/(-5)). What are the prime factors of (-2 + -5 + -2)/(w/(-45))?
3, 5
Let z = -10 - -9. Let k be 0/(2/z + 4). Suppose -m - 3*i - 10 + 39 = 0, 5*i - 10 = k. What are the prime factors of m?
23
Let a(i) = -184*i + 1080. Let b(j) = -8*j + 47. Let z(y) = -6*a(y) + 136*b(y). What are the prime factors of z(17)?
2, 23
Let c = -8 + -20. What are the prime factors of (-514)/(-14) - 8/c?
37
Let z = -298 + 1747. What are the prime factors of z?
3, 7, 23
Let s = 0 + 4. Let m be s*3/12 - -3. Suppose m*o + o = 150. What are the prime factors of o?
2, 3, 5
Suppose -14716 = -2*b - 3094. What are the prime factors of b?
3, 13, 149
Let l(o) = o**3 + 0*o + 4*o - 5*o - 2*o**3 - 14. Let q be l(0). Let r = 41 + q. What are the prime factors of r?
3
Suppose 3*y = -13*y + 19376. List the prime factors of y.
7, 173
Suppose 19*t - 48938 - 41331 = 0. List the prime factors of t.
4751
Let f = 37 + 604. List the prime factors of f.
641
Let k(h) = -6*h**2 + 6*h + 2. Let n(m) = -m**2 + m. Let z(r) = -k(r) + 4*n(r). Let a be z(-1). What are the prime factors of (-63)/(-12) + a/(-8)?
5
Let k(y) = -3*y + 3. Let r be k(0). Suppose 0 = -3*w - r*w + 18. List the prime factors of 39 - -3 - (0 + w).
3, 13
Let k(f) = -f**3 - 4*f**2 - 4*f - 3. Let y be k(-3). Suppose 6*s = -y*s. Suppose 2*n = 5*c + 106, s = n + 2*c + 3*c - 23. List the prime factors of n.
43
Let p(t) = -25*t + 149. What are the prime factors of p(-11)?
2, 53
Suppose -3*h + 651 = -6*h - 3*y, -651 = 3*h - 3*y. Let a = -133 - h. List the prime factors of a.
2, 3, 7
Suppose 5*y - 1665 = -g - 4*g, -1000 = -3*y - 2*g. What are the prime factors of y?
2, 167
Let b be (2 + 3 + -4)*2. Suppose -b = -2*s + 2. Suppose 0*k + 2*k = -4*y + 30, 4*k - s*y - 50 = 0. What are the prime factors of k?
13
Let r = 237 - 194. What are the prime factors of r?
43
Suppose b - 5*b = 2*a - 20, -5*b = 5*a - 15. Suppose b*g = 4*g + 57. What are the prime factors of g?
19
Suppose -5*v = 2*u - 1320, 2*u + 3*v = -0*u + 1328. List the prime factors of u.
2, 5, 67
Suppose -61920 = -46*z + 31*z. What are the prime factors of z?
2, 3, 43
Suppose -10*h = 12*h - 8712. What are the prime factors of h?
2, 3, 11
Let v(g) = 7 + 1 - 3*g - 1. Let s be (-33)/(-55) - 66/10. List the prime factors of v(s).
5
Suppose -10 = -5*n + k, 0*n - 4 = -3*n + k. Let a be n - 1 - (3 + -6). Suppose a*i = 4*c + 2*i - 88, 5*c - 99 = i. List the prime factors of c.
19
Let v(w) = -4*w**3 + w**2 - 9*w - 10. Let k be 6*2/4 - (0 - -6). List the prime factors of v(k).
2, 67
Let i(l) = 22*l - 1. Let s be ((-1)/3)/(4/(-12)). Let a be i(s). Let n = 48 - a. List the prime factors of n.
3
Let o be 4/(-6) + (-4193)/(-21). Suppose 0 = -4*z - 2*l + 5*l + o, 2*z + 2*l - 110 = 0. List the prime factors of z.
2, 13
Let a = -2938 - -4454. What are the prime factors of a?
2, 379
Let w(o) = -6*o + 12. Let u be w(2). Suppose u*l - 2*v = -5*l + 400, 0 = -v - 5. What are the prime factors of l?
2, 3, 13
Let m(q) = q**2 + 4*q - 10. Let x be 4/22 - 136/22. Let c be m(x). Suppose -24 + 62 = c*t. List the prime factors of t.
19
Suppose -4*d + 23 = 7. Suppose -5*c = -5*w, d*w - 1 = 5*c + 4. Let h = 14 + w. What are the prime factors of h?
3
Let p(q) = -q**3 + 16*q + 6. Let d be p(-5). Suppose -2*m - 30 = 3*t, 4*t - 4 = -2*m + 3*m. Let f = m + d. What are the prime factors of f?
3, 13
Let d(z) = 14*z**2 - 5*z + 102. What are the prime factors of d(9)?
3, 397
Let z = 441 + -34. Suppose 4*h - z + 163 = 0. List the prime factors of h.
61
Suppose a = -1028 + 2980. What are the prime factors of a?
2, 61
Let k = 611 - 330. Suppose -20 - k = -7*i. What are the prime factors of i?
43
Let r(y) be the third derivative of y**5/15 - y**4/24 + 31*y**3/2 + y**2 - 14. What are the prime factors of r(0)?
3, 31
Let x(u) = -u**3 + 3*u**2 + 1. Let h be x(3). Let g be h - (0 + 3) - 0. Let t = 16 - g. What are the prime factors of t?
2, 3
Let t(q) = -5*q**3 + 11*q**2 + 28*q + 37. Let u(v) = -2*v**3 + 6*v**2 + 14*v + 19. Let x(w) = 3*t(w) - 7*u(w). What are the prime factors of x(-9)?
2, 13
Suppose 0 = 4*t + 12, -2*t - 223 - 57 = -2*f. Suppose -3*a + 184 = -4*x - 33, 2*a = -5*x + f. List the prime factors of a.
71
Let d(y) = 56*y**2 - 8*y + 43. List the prime factors of d(3).
523
Let d(j) be the first derivative of -4*j**2 + 4*j + 66. Let p(m) = 2*m + 7. Let n be p(-5). List the prime factors of d(n).
2, 7
Let n(j) = 2*j - 4. Let b be n(3). Suppose -o = 3*o - 5*q + 3, 0 = -b*o - 3*q - 29. List the prime factors of (1 - o) + (-3 - -6).
11
Suppose 7*d - 189 = 3*d + 5*w, -2*w = 5*d - 261. Let r(j) = 0 + d*j + 4 - 20*j. List the prime factors of r(2).
2, 3, 11
Let w(m) be the first derivative of m**2/2 - 3*m + 3. Let u be w(5). Suppose h - 90 = -u*h. List the prime factors of h.
2, 3, 5
Let n = -205 + 309. Suppose -5*w = -n - 151. What are the prime factors of w?
3, 17
Suppose -2*z - 5*p = -1779, 12*p = -5*z + 10*p + 4395. List the prime factors of z.
877
Let b(v) = -v - 1. Let i(c) = -9*c**2 + 2*c. Let a(q) = -2*b(q) - i(q). Let y(m) = -m**2 - 7*m + 10. Let u be y(-8). List the prime factors of a(u).
2, 19
Let h = -365 + 1057. List the prime factors of h.
2, 173
Suppose 0 = -6*a + 4*a + 4. Suppose -3*r = -0*w + w + 52, r + a*w 